{"id":1626,"date":"2025-10-26T04:39:21","date_gmt":"2025-10-26T04:39:21","guid":{"rendered":"http:\/\/localhost:8080\/?page_id=1626"},"modified":"2025-10-27T01:37:29","modified_gmt":"2025-10-27T01:37:29","slug":"","status":"publish","type":"page","link":"https:\/\/quijotefilms.com\/eng\/equipo\/","title":{"rendered":"Team","raw":"Team"},"content":{"rendered":"","protected":false,"raw":""},"excerpt":{"rendered":"","protected":false,"raw":""},"author":1,"featured_media":0,"parent":0,"menu_order":0,"comment_status":"closed","ping_status":"closed","template":"page-no_title.php","meta":{"_acf_changed":false,"_esp_post_content":"<!-- wp:paragraph -->\n<p>[lista_miembros_por_cargo]<\/p>\n<!-- \/wp:paragraph -->","_esp_post_name":"equipo","_esp_post_excerpt":"","_esp_post_title":"Equipo","_eng_post_content":"","_eng_post_name":"","_eng_post_excerpt":"","_eng_post_title":"Team","edit_language":"eng","footnotes":""},"class_list":["post-1626","page","type-page","status-publish","hentry"],"acf":[],"yoast_head":"<!-- This site is optimized with the Yoast SEO plugin v27.3 - https:\/\/yoast.com\/product\/yoast-seo-wordpress\/ -->\n<title>Equipo - Quijote Films<\/title>\n<meta name=\"robots\" content=\"index, follow, max-snippet:-1, max-image-preview:large, max-video-preview:-1\" \/>\n<link rel=\"canonical\" href=\"https:\/\/quijote.drawingthecode.com\/equipo\/\" \/>\n<meta property=\"og:locale\" content=\"en_US\" \/>\n<meta property=\"og:type\" content=\"article\" \/>\n<meta property=\"og:title\" content=\"Equipo - Quijote Films\" \/>\n<meta property=\"og:url\" content=\"https:\/\/quijote.drawingthecode.com\/equipo\/\" \/>\n<meta property=\"og:site_name\" content=\"Quijote Films\" \/>\n<meta property=\"article:modified_time\" content=\"2025-10-27T01:37:29+00:00\" \/>\n<meta name=\"twitter:card\" content=\"summary_large_image\" \/>\n<script type=\"application\/ld+json\" class=\"yoast-schema-graph\">{\"@context\":\"https:\\\/\\\/schema.org\",\"@graph\":[{\"@type\":\"WebPage\",\"@id\":\"https:\\\/\\\/quijote.drawingthecode.com\\\/equipo\\\/\",\"url\":\"https:\\\/\\\/quijote.drawingthecode.com\\\/equipo\\\/\",\"name\":\"Equipo - Quijote Films\",\"isPartOf\":{\"@id\":\"https:\\\/\\\/quijote.drawingthecode.com\\\/#website\"},\"datePublished\":\"2025-10-26T04:39:21+00:00\",\"dateModified\":\"2025-10-27T01:37:29+00:00\",\"breadcrumb\":{\"@id\":\"https:\\\/\\\/quijote.drawingthecode.com\\\/equipo\\\/#breadcrumb\"},\"inLanguage\":\"en-US\",\"potentialAction\":[{\"@type\":\"ReadAction\",\"target\":[\"https:\\\/\\\/quijote.drawingthecode.com\\\/equipo\\\/\"]}]},{\"@type\":\"BreadcrumbList\",\"@id\":\"https:\\\/\\\/quijote.drawingthecode.com\\\/equipo\\\/#breadcrumb\",\"itemListElement\":[{\"@type\":\"ListItem\",\"position\":1,\"name\":\"Home\",\"item\":\"https:\\\/\\\/quijote.drawingthecode.com\\\/\"},{\"@type\":\"ListItem\",\"position\":2,\"name\":\"Equipo\"}]},{\"@type\":\"WebSite\",\"@id\":\"https:\\\/\\\/quijote.drawingthecode.com\\\/#website\",\"url\":\"https:\\\/\\\/quijote.drawingthecode.com\\\/\",\"name\":\"Quijote Films\",\"description\":\"Quijote Films nace en el 2009 como una productora de Cine y Publicidad. En sus m\u00e1s de 15 a\u00f1os de historia ha sido ganadora de premios en importantes Festivales como Cannes y Venecia, gracias a m\u00faltiples coproducciones internacionales, adem\u00e1s de encargarse de producciones publicitarias para las principales marcas del pa\u00eds.\",\"potentialAction\":[{\"@type\":\"SearchAction\",\"target\":{\"@type\":\"EntryPoint\",\"urlTemplate\":\"https:\\\/\\\/quijote.drawingthecode.com\\\/?s={search_term_string}\"},\"query-input\":{\"@type\":\"PropertyValueSpecification\",\"valueRequired\":true,\"valueName\":\"search_term_string\"}}],\"inLanguage\":\"en-US\"}]}<\/script>\n<!-- \/ Yoast SEO plugin. -->","yoast_head_json":{"title":"Equipo - Quijote Films","robots":{"index":"index","follow":"follow","max-snippet":"max-snippet:-1","max-image-preview":"max-image-preview:large","max-video-preview":"max-video-preview:-1"},"canonical":"https:\/\/quijote.drawingthecode.com\/equipo\/","og_locale":"en_US","og_type":"article","og_title":"Equipo - Quijote Films","og_url":"https:\/\/quijote.drawingthecode.com\/equipo\/","og_site_name":"Quijote Films","article_modified_time":"2025-10-27T01:37:29+00:00","twitter_card":"summary_large_image","schema":{"@context":"https:\/\/schema.org","@graph":[{"@type":"WebPage","@id":"https:\/\/quijote.drawingthecode.com\/equipo\/","url":"https:\/\/quijote.drawingthecode.com\/equipo\/","name":"Equipo - Quijote Films","isPartOf":{"@id":"https:\/\/quijote.drawingthecode.com\/#website"},"datePublished":"2025-10-26T04:39:21+00:00","dateModified":"2025-10-27T01:37:29+00:00","breadcrumb":{"@id":"https:\/\/quijote.drawingthecode.com\/equipo\/#breadcrumb"},"inLanguage":"en-US","potentialAction":[{"@type":"ReadAction","target":["https:\/\/quijote.drawingthecode.com\/equipo\/"]}]},{"@type":"BreadcrumbList","@id":"https:\/\/quijote.drawingthecode.com\/equipo\/#breadcrumb","itemListElement":[{"@type":"ListItem","position":1,"name":"Home","item":"https:\/\/quijote.drawingthecode.com\/"},{"@type":"ListItem","position":2,"name":"Equipo"}]},{"@type":"WebSite","@id":"https:\/\/quijote.drawingthecode.com\/#website","url":"https:\/\/quijote.drawingthecode.com\/","name":"Quijote Films","description":"Quijote Films nace en el 2009 como una productora de Cine y Publicidad. En sus m\u00e1s de 15 a\u00f1os de historia ha sido ganadora de premios en importantes Festivales como Cannes y Venecia, gracias a m\u00faltiples coproducciones internacionales, adem\u00e1s de encargarse de producciones publicitarias para las principales marcas del pa\u00eds.","potentialAction":[{"@type":"SearchAction","target":{"@type":"EntryPoint","urlTemplate":"https:\/\/quijote.drawingthecode.com\/?s={search_term_string}"},"query-input":{"@type":"PropertyValueSpecification","valueRequired":true,"valueName":"search_term_string"}}],"inLanguage":"en-US"}]}},"_links":{"self":[{"href":"https:\/\/quijotefilms.com\/eng\/wp-json\/wp\/v2\/pages\/1626","targetHints":{"allow":["GET"]}}],"collection":[{"href":"https:\/\/quijotefilms.com\/eng\/wp-json\/wp\/v2\/pages"}],"about":[{"href":"https:\/\/quijotefilms.com\/eng\/wp-json\/wp\/v2\/types\/page"}],"author":[{"embeddable":true,"href":"https:\/\/quijotefilms.com\/eng\/wp-json\/wp\/v2\/users\/1"}],"replies":[{"embeddable":true,"href":"https:\/\/quijotefilms.com\/eng\/wp-json\/wp\/v2\/comments?post=1626"}],"version-history":[{"count":2,"href":"https:\/\/quijotefilms.com\/eng\/wp-json\/wp\/v2\/pages\/1626\/revisions"}],"predecessor-version":[{"id":1631,"href":"https:\/\/quijotefilms.com\/eng\/wp-json\/wp\/v2\/pages\/1626\/revisions\/1631"}],"wp:attachment":[{"href":"https:\/\/quijotefilms.com\/eng\/wp-json\/wp\/v2\/media?parent=1626"}],"curies":[{"name":"wp","href":"https:\/\/api.w.org\/{rel}","templated":true}]}}